{"id":2730,"date":"2023-01-24T17:53:28","date_gmt":"2023-01-24T17:53:28","guid":{"rendered":"https:\/\/ton.connectingminds.net\/product\/le-groupement\/"},"modified":"2026-01-28T12:03:18","modified_gmt":"2026-01-28T11:03:18","slug":"o-agrupamento","status":"publish","type":"product","link":"https:\/\/mail.ton-merckx-wielershirts.nl\/pt\/retro-wielershirt\/le-groupement\/","title":{"rendered":"LE GROUPEMENT (a)-BIANCHI 1995 CAMISA DE CICLISMO"},"content":{"rendered":"<p>Camisa de ciclismo muito bonita!!! Um dos 10 melhores da minha cole\u00e7\u00e3o.<\/p>\n<p>Infelizmente, a equipe do LE GROUPEMENT n\u00e3o teve grande sucesso.<\/p>\n<p>Desde o in\u00edcio surgiram d\u00favidas sobre a empresa e o propriet\u00e1rio do LE GROUPEMENT.<\/p>\n<p>Havia problemas financeiros constantes e 4 dias antes do in\u00edcio do Tour de France de 1995, LE GROUPEMENT retirou-se ou desligou a equipe.<\/p>\n<p>Fim do LE GROUPEMENT e para alguns ciclistas mais velhos tamb\u00e9m o fim da sua carreira no ciclismo.<\/p>\n<p>Apesar de todos os problemas, os pilotos ainda conseguiram 9 vit\u00f3rias.<\/p>","protected":false},"excerpt":{"rendered":"<p>Ontzettend mooi wielershirt !!!\u00a0 Behoort tot de top 10 in mijn verzameling. Helaas was de LE GROUPEMENT ploeg niet een heel groot succes. Vanaf het begin waren er twijfels over het bedrijf en de eigenaar van LE GROUPEMENT. Er waren dan ook constant financiele problemen, 4 dagen voor de start van de Tour de France [&hellip;]<\/p>\n","protected":false},"featured_media":2729,"template":"","meta":[],"product_brand":[],"product_cat":[151],"product_tag":[],"class_list":{"0":"post-2730","1":"product","2":"type-product","3":"status-publish","4":"has-post-thumbnail","6":"product_cat-pro-team","8":"first","9":"onbackorder","10":"taxable","11":"shipping-taxable","12":"purchasable","13":"product-type-variable"},"yoast_head":"<!-- This site is optimized with the Yoast SEO plugin v27.5 - https:\/\/yoast.com\/product\/yoast-seo-wordpress\/ -->\n<title>LE GROUPEMENT (a)-BIANCHI  1995  WIELERSHIRT - Ton Merckx Wielershirts - Rondreis door de wereld van wielershirts<\/title>\n<meta name=\"robots\" content=\"index, follow, max-snippet:-1, max-image-preview:large, max-video-preview:-1\" \/>\n<link rel=\"canonical\" href=\"https:\/\/tonmerckxwielershirts.nl\/it\/retro-wielershirt\/le-groupement\/\" \/>\n<meta property=\"og:locale\" content=\"pt_PT\" \/>\n<meta property=\"og:type\" content=\"article\" \/>\n<meta property=\"og:title\" content=\"LE GROUPEMENT (a)-BIANCHI  1995  WIELERSHIRT - Ton Merckx Wielershirts - Rondreis door de wereld van wielershirts\" \/>\n<meta property=\"og:description\" content=\"Ontzettend mooi wielershirt !!!\u00a0 Behoort tot de top 10 in mijn verzameling. Helaas was de LE GROUPEMENT ploeg niet een heel groot succes. Vanaf het begin waren er twijfels over het bedrijf en de eigenaar van LE GROUPEMENT. Er waren dan ook constant financiele problemen, 4 dagen voor de start van de Tour de France [&hellip;]\" \/>\n<meta property=\"og:url\" content=\"https:\/\/tonmerckxwielershirts.nl\/it\/retro-wielershirt\/le-groupement\/\" \/>\n<meta property=\"og:site_name\" content=\"Ton Merckx Wielershirts - Rondreis door de wereld van wielershirts\" \/>\n<meta property=\"article:modified_time\" content=\"2026-01-28T11:03:18+00:00\" \/>\n<meta property=\"og:image\" content=\"https:\/\/tonmerckxwielershirts.nl\/wp-content\/uploads\/2023\/01\/SSA43513.jpg\" \/>\n\t<meta property=\"og:image:width\" content=\"1704\" \/>\n\t<meta property=\"og:image:height\" content=\"2272\" \/>\n\t<meta property=\"og:image:type\" content=\"image\/jpeg\" \/>\n<meta name=\"twitter:card\" content=\"summary_large_image\" \/>\n<meta name=\"twitter:label1\" content=\"Tempo estimado de leitura\" \/>\n\t<meta name=\"twitter:data1\" content=\"1 minuto\" \/>\n<script type=\"application\/ld+json\" class=\"yoast-schema-graph\">{\"@context\":\"https:\\\/\\\/schema.org\",\"@graph\":[{\"@type\":\"WebPage\",\"@id\":\"https:\\\/\\\/tonmerckxwielershirts.nl\\\/it\\\/retro-wielershirt\\\/le-groupement\\\/\",\"url\":\"https:\\\/\\\/tonmerckxwielershirts.nl\\\/it\\\/retro-wielershirt\\\/le-groupement\\\/\",\"name\":\"LE GROUPEMENT (a)-BIANCHI 1995 WIELERSHIRT - Ton Merckx Wielershirts - Rondreis door de wereld van wielershirts\",\"isPartOf\":{\"@id\":\"https:\\\/\\\/ton.connectingminds.net\\\/pt\\\/#website\"},\"primaryImageOfPage\":{\"@id\":\"https:\\\/\\\/tonmerckxwielershirts.nl\\\/it\\\/retro-wielershirt\\\/le-groupement\\\/#primaryimage\"},\"image\":{\"@id\":\"https:\\\/\\\/tonmerckxwielershirts.nl\\\/it\\\/retro-wielershirt\\\/le-groupement\\\/#primaryimage\"},\"thumbnailUrl\":\"https:\\\/\\\/mail.ton-merckx-wielershirts.nl\\\/wp-content\\\/uploads\\\/2023\\\/01\\\/SSA43513.jpg\",\"datePublished\":\"2023-01-24T17:53:28+00:00\",\"dateModified\":\"2026-01-28T11:03:18+00:00\",\"breadcrumb\":{\"@id\":\"https:\\\/\\\/tonmerckxwielershirts.nl\\\/it\\\/retro-wielershirt\\\/le-groupement\\\/#breadcrumb\"},\"inLanguage\":\"pt-PT\",\"potentialAction\":[{\"@type\":\"ReadAction\",\"target\":[\"https:\\\/\\\/tonmerckxwielershirts.nl\\\/it\\\/retro-wielershirt\\\/le-groupement\\\/\"]}]},{\"@type\":\"ImageObject\",\"inLanguage\":\"pt-PT\",\"@id\":\"https:\\\/\\\/tonmerckxwielershirts.nl\\\/it\\\/retro-wielershirt\\\/le-groupement\\\/#primaryimage\",\"url\":\"https:\\\/\\\/mail.ton-merckx-wielershirts.nl\\\/wp-content\\\/uploads\\\/2023\\\/01\\\/SSA43513.jpg\",\"contentUrl\":\"https:\\\/\\\/mail.ton-merckx-wielershirts.nl\\\/wp-content\\\/uploads\\\/2023\\\/01\\\/SSA43513.jpg\",\"width\":1704,\"height\":2272},{\"@type\":\"BreadcrumbList\",\"@id\":\"https:\\\/\\\/tonmerckxwielershirts.nl\\\/it\\\/retro-wielershirt\\\/le-groupement\\\/#breadcrumb\",\"itemListElement\":[{\"@type\":\"ListItem\",\"position\":1,\"name\":\"Home\",\"item\":\"https:\\\/\\\/ton.connectingminds.net\\\/pt\\\/\"},{\"@type\":\"ListItem\",\"position\":2,\"name\":\"Retro wielershirts\",\"item\":\"https:\\\/\\\/ton.connectingminds.net\\\/pt\\\/camisas-de-ciclismo-retro\\\/\"},{\"@type\":\"ListItem\",\"position\":3,\"name\":\"LE GROUPEMENT (a)-BIANCHI 1995 WIELERSHIRT\"}]},{\"@type\":\"WebSite\",\"@id\":\"https:\\\/\\\/ton.connectingminds.net\\\/pt\\\/#website\",\"url\":\"https:\\\/\\\/ton.connectingminds.net\\\/pt\\\/\",\"name\":\"Ton Merckx Wielershirts - Rondreis door de wereld van wielershirts\",\"description\":\"thousands of original cycling jerseys - order your replica!\",\"publisher\":{\"@id\":\"https:\\\/\\\/ton.connectingminds.net\\\/pt\\\/#organization\"},\"potentialAction\":[{\"@type\":\"SearchAction\",\"target\":{\"@type\":\"EntryPoint\",\"urlTemplate\":\"https:\\\/\\\/ton.connectingminds.net\\\/pt\\\/?s={search_term_string}\"},\"query-input\":{\"@type\":\"PropertyValueSpecification\",\"valueRequired\":true,\"valueName\":\"search_term_string\"}}],\"inLanguage\":\"pt-PT\"},{\"@type\":\"Organization\",\"@id\":\"https:\\\/\\\/ton.connectingminds.net\\\/pt\\\/#organization\",\"name\":\"Ton Merckx Wielershirts - Rondreis door de wereld van wielershirts\",\"url\":\"https:\\\/\\\/ton.connectingminds.net\\\/pt\\\/\",\"logo\":{\"@type\":\"ImageObject\",\"inLanguage\":\"pt-PT\",\"@id\":\"https:\\\/\\\/ton.connectingminds.net\\\/pt\\\/#\\\/schema\\\/logo\\\/image\\\/\",\"url\":\"https:\\\/\\\/mail.ton-merckx-wielershirts.nl\\\/wp-content\\\/uploads\\\/2023\\\/03\\\/ton-merckx-logo.jpg\",\"contentUrl\":\"https:\\\/\\\/mail.ton-merckx-wielershirts.nl\\\/wp-content\\\/uploads\\\/2023\\\/03\\\/ton-merckx-logo.jpg\",\"width\":391,\"height\":57,\"caption\":\"Ton Merckx Wielershirts - Rondreis door de wereld van wielershirts\"},\"image\":{\"@id\":\"https:\\\/\\\/ton.connectingminds.net\\\/pt\\\/#\\\/schema\\\/logo\\\/image\\\/\"}}]}<\/script>\n<!-- \/ Yoast SEO plugin. -->","yoast_head_json":{"title":"CAMISA DE CICLISMO LE GROUPEMENT (a)-BIANCHI 1995 - Camisas de Ciclismo Ton Merckx - Um passeio pelo mundo das camisas de ciclismo","robots":{"index":"index","follow":"follow","max-snippet":"max-snippet:-1","max-image-preview":"max-image-preview:large","max-video-preview":"max-video-preview:-1"},"canonical":"https:\/\/tonmerckxwielershirts.nl\/it\/retro-wielershirt\/le-groupement\/","og_locale":"pt_PT","og_type":"article","og_title":"LE GROUPEMENT (a)-BIANCHI  1995  WIELERSHIRT - Ton Merckx Wielershirts - Rondreis door de wereld van wielershirts","og_description":"Ontzettend mooi wielershirt !!!\u00a0 Behoort tot de top 10 in mijn verzameling. Helaas was de LE GROUPEMENT ploeg niet een heel groot succes. Vanaf het begin waren er twijfels over het bedrijf en de eigenaar van LE GROUPEMENT. Er waren dan ook constant financiele problemen, 4 dagen voor de start van de Tour de France [&hellip;]","og_url":"https:\/\/tonmerckxwielershirts.nl\/it\/retro-wielershirt\/le-groupement\/","og_site_name":"Ton Merckx Wielershirts - Rondreis door de wereld van wielershirts","article_modified_time":"2026-01-28T11:03:18+00:00","og_image":[{"width":1704,"height":2272,"url":"https:\/\/tonmerckxwielershirts.nl\/wp-content\/uploads\/2023\/01\/SSA43513.jpg","type":"image\/jpeg"}],"twitter_card":"summary_large_image","twitter_misc":{"Tempo estimado de leitura":"1 minuto"},"schema":{"@context":"https:\/\/schema.org","@graph":[{"@type":"WebPage","@id":"https:\/\/tonmerckxwielershirts.nl\/it\/retro-wielershirt\/le-groupement\/","url":"https:\/\/tonmerckxwielershirts.nl\/it\/retro-wielershirt\/le-groupement\/","name":"CAMISA DE CICLISMO LE GROUPEMENT (a)-BIANCHI 1995 - Camisas de Ciclismo Ton Merckx - Um passeio pelo mundo das camisas de ciclismo","isPartOf":{"@id":"https:\/\/ton.connectingminds.net\/pt\/#website"},"primaryImageOfPage":{"@id":"https:\/\/tonmerckxwielershirts.nl\/it\/retro-wielershirt\/le-groupement\/#primaryimage"},"image":{"@id":"https:\/\/tonmerckxwielershirts.nl\/it\/retro-wielershirt\/le-groupement\/#primaryimage"},"thumbnailUrl":"https:\/\/mail.ton-merckx-wielershirts.nl\/wp-content\/uploads\/2023\/01\/SSA43513.jpg","datePublished":"2023-01-24T17:53:28+00:00","dateModified":"2026-01-28T11:03:18+00:00","breadcrumb":{"@id":"https:\/\/tonmerckxwielershirts.nl\/it\/retro-wielershirt\/le-groupement\/#breadcrumb"},"inLanguage":"pt-PT","potentialAction":[{"@type":"ReadAction","target":["https:\/\/tonmerckxwielershirts.nl\/it\/retro-wielershirt\/le-groupement\/"]}]},{"@type":"ImageObject","inLanguage":"pt-PT","@id":"https:\/\/tonmerckxwielershirts.nl\/it\/retro-wielershirt\/le-groupement\/#primaryimage","url":"https:\/\/mail.ton-merckx-wielershirts.nl\/wp-content\/uploads\/2023\/01\/SSA43513.jpg","contentUrl":"https:\/\/mail.ton-merckx-wielershirts.nl\/wp-content\/uploads\/2023\/01\/SSA43513.jpg","width":1704,"height":2272},{"@type":"BreadcrumbList","@id":"https:\/\/tonmerckxwielershirts.nl\/it\/retro-wielershirt\/le-groupement\/#breadcrumb","itemListElement":[{"@type":"ListItem","position":1,"name":"Home","item":"https:\/\/ton.connectingminds.net\/pt\/"},{"@type":"ListItem","position":2,"name":"Retro wielershirts","item":"https:\/\/ton.connectingminds.net\/pt\/camisas-de-ciclismo-retro\/"},{"@type":"ListItem","position":3,"name":"LE GROUPEMENT (a)-BIANCHI 1995 WIELERSHIRT"}]},{"@type":"WebSite","@id":"https:\/\/ton.connectingminds.net\/pt\/#website","url":"https:\/\/ton.connectingminds.net\/pt\/","name":"Camisas de ciclismo Ton Merckx - Tour pelo mundo das camisas de ciclismo","description":"milhares de camisas de ciclismo originais - encomende a sua r\u00e9plica!","publisher":{"@id":"https:\/\/ton.connectingminds.net\/pt\/#organization"},"potentialAction":[{"@type":"SearchAction","target":{"@type":"EntryPoint","urlTemplate":"https:\/\/ton.connectingminds.net\/pt\/?s={search_term_string}"},"query-input":{"@type":"PropertyValueSpecification","valueRequired":true,"valueName":"search_term_string"}}],"inLanguage":"pt-PT"},{"@type":"Organization","@id":"https:\/\/ton.connectingminds.net\/pt\/#organization","name":"Camisas de ciclismo Ton Merckx - Tour pelo mundo das camisas de ciclismo","url":"https:\/\/ton.connectingminds.net\/pt\/","logo":{"@type":"ImageObject","inLanguage":"pt-PT","@id":"https:\/\/ton.connectingminds.net\/pt\/#\/schema\/logo\/image\/","url":"https:\/\/mail.ton-merckx-wielershirts.nl\/wp-content\/uploads\/2023\/03\/ton-merckx-logo.jpg","contentUrl":"https:\/\/mail.ton-merckx-wielershirts.nl\/wp-content\/uploads\/2023\/03\/ton-merckx-logo.jpg","width":391,"height":57,"caption":"Ton Merckx Wielershirts - Rondreis door de wereld van wielershirts"},"image":{"@id":"https:\/\/ton.connectingminds.net\/pt\/#\/schema\/logo\/image\/"}}]}},"_links":{"self":[{"href":"https:\/\/mail.ton-merckx-wielershirts.nl\/pt\/wp-json\/wp\/v2\/product\/2730","targetHints":{"allow":["GET"]}}],"collection":[{"href":"https:\/\/mail.ton-merckx-wielershirts.nl\/pt\/wp-json\/wp\/v2\/product"}],"about":[{"href":"https:\/\/mail.ton-merckx-wielershirts.nl\/pt\/wp-json\/wp\/v2\/types\/product"}],"wp:featuredmedia":[{"embeddable":true,"href":"https:\/\/mail.ton-merckx-wielershirts.nl\/pt\/wp-json\/wp\/v2\/media\/2729"}],"wp:attachment":[{"href":"https:\/\/mail.ton-merckx-wielershirts.nl\/pt\/wp-json\/wp\/v2\/media?parent=2730"}],"wp:term":[{"taxonomy":"product_brand","embeddable":true,"href":"https:\/\/mail.ton-merckx-wielershirts.nl\/pt\/wp-json\/wp\/v2\/product_brand?post=2730"},{"taxonomy":"product_cat","embeddable":true,"href":"https:\/\/mail.ton-merckx-wielershirts.nl\/pt\/wp-json\/wp\/v2\/product_cat?post=2730"},{"taxonomy":"product_tag","embeddable":true,"href":"https:\/\/mail.ton-merckx-wielershirts.nl\/pt\/wp-json\/wp\/v2\/product_tag?post=2730"}],"curies":[{"name":"wp","href":"https:\/\/api.w.org\/{rel}","templated":true}]}}

<p>Camisa de ciclismo muito bonita!!! Um dos 10 melhores da minha coleção.</p>
<p>Infelizmente, a equipe do LE GROUPEMENT não teve grande sucesso.</p>
<p>Desde o início surgiram dúvidas sobre a empresa e o proprietário do LE GROUPEMENT.</p>
<p>Havia problemas financeiros constantes e 4 dias antes do início do Tour de France de 1995, LE GROUPEMENT retirou-se ou desligou a equipe.</p>
<p>Fim do LE GROUPEMENT e para alguns ciclistas mais velhos também o fim da sua carreira no ciclismo.</p>
<p>Apesar de todos os problemas, os pilotos ainda conseguiram 9 vitórias.</p>

milhares de camisas de ciclismo originais - encomende a sua réplica!
