{"id":2730,"date":"2023-01-24T17:53:28","date_gmt":"2023-01-24T17:53:28","guid":{"rendered":"https:\/\/ton.connectingminds.net\/product\/le-groupement\/"},"modified":"2026-01-28T12:03:18","modified_gmt":"2026-01-28T11:03:18","slug":"le-groupement","status":"publish","type":"product","link":"https:\/\/mail.ton-merckx-wielershirts.nl\/fr\/retro-wielershirt\/le-groupement\/","title":{"rendered":"LE GROUPEMENT (a)-MAILLOT DE CYCLISME BIANCHI 1995"},"content":{"rendered":"<p>Tr\u00e8s belle chemise de cyclisme !!! Un des 10 meilleurs de ma collection.<\/p>\n<p>Malheureusement, l&#039;\u00e9quipe du GROUPEMENT n&#039;a pas connu un grand succ\u00e8s.<\/p>\n<p>D\u00e8s le d\u00e9but, des doutes planaient sur l&#039;entreprise et le propri\u00e9taire du GROUPEMENT.<\/p>\n<p>Les probl\u00e8mes financiers sont constants et 4 jours avant le d\u00e9part du Tour de France 1995, LE GROUPEMENT se retire ou met fin \u00e0 l&#039;\u00e9quipe.<\/p>\n<p>Fin du GROUPEMENT et pour certains coureurs plus \u00e2g\u00e9s aussi la fin de leur carri\u00e8re cycliste.<\/p>\n<p>Malgr\u00e9 tous les probl\u00e8mes, les coureurs ont quand m\u00eame r\u00e9ussi \u00e0 remporter 9 victoires.<\/p>","protected":false},"excerpt":{"rendered":"<p>Ontzettend mooi wielershirt !!!\u00a0 Behoort tot de top 10 in mijn verzameling. Helaas was de LE GROUPEMENT ploeg niet een heel groot succes. Vanaf het begin waren er twijfels over het bedrijf en de eigenaar van LE GROUPEMENT. Er waren dan ook constant financiele problemen, 4 dagen voor de start van de Tour de France [&hellip;]<\/p>\n","protected":false},"featured_media":2729,"template":"","meta":[],"product_brand":[],"product_cat":[151],"product_tag":[],"class_list":{"0":"post-2730","1":"product","2":"type-product","3":"status-publish","4":"has-post-thumbnail","6":"product_cat-pro-team","8":"first","9":"onbackorder","10":"taxable","11":"shipping-taxable","12":"purchasable","13":"product-type-variable"},"yoast_head":"<!-- This site is optimized with the Yoast SEO plugin v27.5 - https:\/\/yoast.com\/product\/yoast-seo-wordpress\/ -->\n<title>LE GROUPEMENT (a)-BIANCHI  1995  WIELERSHIRT - Ton Merckx Wielershirts - Rondreis door de wereld van wielershirts<\/title>\n<meta name=\"robots\" content=\"index, follow, max-snippet:-1, max-image-preview:large, max-video-preview:-1\" \/>\n<link rel=\"canonical\" href=\"https:\/\/tonmerckxwielershirts.nl\/it\/retro-wielershirt\/le-groupement\/\" \/>\n<meta property=\"og:locale\" content=\"fr_FR\" \/>\n<meta property=\"og:type\" content=\"article\" \/>\n<meta property=\"og:title\" content=\"LE GROUPEMENT (a)-BIANCHI  1995  WIELERSHIRT - Ton Merckx Wielershirts - Rondreis door de wereld van wielershirts\" \/>\n<meta property=\"og:description\" content=\"Ontzettend mooi wielershirt !!!\u00a0 Behoort tot de top 10 in mijn verzameling. Helaas was de LE GROUPEMENT ploeg niet een heel groot succes. Vanaf het begin waren er twijfels over het bedrijf en de eigenaar van LE GROUPEMENT. Er waren dan ook constant financiele problemen, 4 dagen voor de start van de Tour de France [&hellip;]\" \/>\n<meta property=\"og:url\" content=\"https:\/\/tonmerckxwielershirts.nl\/it\/retro-wielershirt\/le-groupement\/\" \/>\n<meta property=\"og:site_name\" content=\"Ton Merckx Wielershirts - Rondreis door de wereld van wielershirts\" \/>\n<meta property=\"article:modified_time\" content=\"2026-01-28T11:03:18+00:00\" \/>\n<meta property=\"og:image\" content=\"https:\/\/tonmerckxwielershirts.nl\/wp-content\/uploads\/2023\/01\/SSA43513.jpg\" \/>\n\t<meta property=\"og:image:width\" content=\"1704\" \/>\n\t<meta property=\"og:image:height\" content=\"2272\" \/>\n\t<meta property=\"og:image:type\" content=\"image\/jpeg\" \/>\n<meta name=\"twitter:card\" content=\"summary_large_image\" \/>\n<meta name=\"twitter:label1\" content=\"Dur\u00e9e de lecture estim\u00e9e\" \/>\n\t<meta name=\"twitter:data1\" content=\"1 minute\" \/>\n<script type=\"application\/ld+json\" class=\"yoast-schema-graph\">{\"@context\":\"https:\\\/\\\/schema.org\",\"@graph\":[{\"@type\":\"WebPage\",\"@id\":\"https:\\\/\\\/tonmerckxwielershirts.nl\\\/it\\\/retro-wielershirt\\\/le-groupement\\\/\",\"url\":\"https:\\\/\\\/tonmerckxwielershirts.nl\\\/it\\\/retro-wielershirt\\\/le-groupement\\\/\",\"name\":\"LE GROUPEMENT (a)-BIANCHI 1995 WIELERSHIRT - Ton Merckx Wielershirts - Rondreis door de wereld van wielershirts\",\"isPartOf\":{\"@id\":\"https:\\\/\\\/ton.connectingminds.net\\\/pt\\\/#website\"},\"primaryImageOfPage\":{\"@id\":\"https:\\\/\\\/tonmerckxwielershirts.nl\\\/it\\\/retro-wielershirt\\\/le-groupement\\\/#primaryimage\"},\"image\":{\"@id\":\"https:\\\/\\\/tonmerckxwielershirts.nl\\\/it\\\/retro-wielershirt\\\/le-groupement\\\/#primaryimage\"},\"thumbnailUrl\":\"https:\\\/\\\/mail.ton-merckx-wielershirts.nl\\\/wp-content\\\/uploads\\\/2023\\\/01\\\/SSA43513.jpg\",\"datePublished\":\"2023-01-24T17:53:28+00:00\",\"dateModified\":\"2026-01-28T11:03:18+00:00\",\"breadcrumb\":{\"@id\":\"https:\\\/\\\/tonmerckxwielershirts.nl\\\/it\\\/retro-wielershirt\\\/le-groupement\\\/#breadcrumb\"},\"inLanguage\":\"fr-FR\",\"potentialAction\":[{\"@type\":\"ReadAction\",\"target\":[\"https:\\\/\\\/tonmerckxwielershirts.nl\\\/it\\\/retro-wielershirt\\\/le-groupement\\\/\"]}]},{\"@type\":\"ImageObject\",\"inLanguage\":\"fr-FR\",\"@id\":\"https:\\\/\\\/tonmerckxwielershirts.nl\\\/it\\\/retro-wielershirt\\\/le-groupement\\\/#primaryimage\",\"url\":\"https:\\\/\\\/mail.ton-merckx-wielershirts.nl\\\/wp-content\\\/uploads\\\/2023\\\/01\\\/SSA43513.jpg\",\"contentUrl\":\"https:\\\/\\\/mail.ton-merckx-wielershirts.nl\\\/wp-content\\\/uploads\\\/2023\\\/01\\\/SSA43513.jpg\",\"width\":1704,\"height\":2272},{\"@type\":\"BreadcrumbList\",\"@id\":\"https:\\\/\\\/tonmerckxwielershirts.nl\\\/it\\\/retro-wielershirt\\\/le-groupement\\\/#breadcrumb\",\"itemListElement\":[{\"@type\":\"ListItem\",\"position\":1,\"name\":\"Home\",\"item\":\"https:\\\/\\\/ton.connectingminds.net\\\/pt\\\/\"},{\"@type\":\"ListItem\",\"position\":2,\"name\":\"Retro wielershirts\",\"item\":\"https:\\\/\\\/ton.connectingminds.net\\\/pt\\\/camisas-de-ciclismo-retro\\\/\"},{\"@type\":\"ListItem\",\"position\":3,\"name\":\"LE GROUPEMENT (a)-BIANCHI 1995 WIELERSHIRT\"}]},{\"@type\":\"WebSite\",\"@id\":\"https:\\\/\\\/ton.connectingminds.net\\\/pt\\\/#website\",\"url\":\"https:\\\/\\\/ton.connectingminds.net\\\/pt\\\/\",\"name\":\"Ton Merckx Wielershirts - Rondreis door de wereld van wielershirts\",\"description\":\"thousands of original cycling jerseys - order your replica!\",\"publisher\":{\"@id\":\"https:\\\/\\\/ton.connectingminds.net\\\/pt\\\/#organization\"},\"potentialAction\":[{\"@type\":\"SearchAction\",\"target\":{\"@type\":\"EntryPoint\",\"urlTemplate\":\"https:\\\/\\\/ton.connectingminds.net\\\/pt\\\/?s={search_term_string}\"},\"query-input\":{\"@type\":\"PropertyValueSpecification\",\"valueRequired\":true,\"valueName\":\"search_term_string\"}}],\"inLanguage\":\"fr-FR\"},{\"@type\":\"Organization\",\"@id\":\"https:\\\/\\\/ton.connectingminds.net\\\/pt\\\/#organization\",\"name\":\"Ton Merckx Wielershirts - Rondreis door de wereld van wielershirts\",\"url\":\"https:\\\/\\\/ton.connectingminds.net\\\/pt\\\/\",\"logo\":{\"@type\":\"ImageObject\",\"inLanguage\":\"fr-FR\",\"@id\":\"https:\\\/\\\/ton.connectingminds.net\\\/pt\\\/#\\\/schema\\\/logo\\\/image\\\/\",\"url\":\"https:\\\/\\\/mail.ton-merckx-wielershirts.nl\\\/wp-content\\\/uploads\\\/2023\\\/03\\\/ton-merckx-logo.jpg\",\"contentUrl\":\"https:\\\/\\\/mail.ton-merckx-wielershirts.nl\\\/wp-content\\\/uploads\\\/2023\\\/03\\\/ton-merckx-logo.jpg\",\"width\":391,\"height\":57,\"caption\":\"Ton Merckx Wielershirts - Rondreis door de wereld van wielershirts\"},\"image\":{\"@id\":\"https:\\\/\\\/ton.connectingminds.net\\\/pt\\\/#\\\/schema\\\/logo\\\/image\\\/\"}}]}<\/script>\n<!-- \/ Yoast SEO plugin. -->","yoast_head_json":{"title":"LE GROUPEMENT (a)-BIANCHI 1995 MAILLOT DE CYCLISME - Maillots de cyclisme Ton Merckx - Tour du monde des maillots de cyclisme","robots":{"index":"index","follow":"follow","max-snippet":"max-snippet:-1","max-image-preview":"max-image-preview:large","max-video-preview":"max-video-preview:-1"},"canonical":"https:\/\/tonmerckxwielershirts.nl\/it\/retro-wielershirt\/le-groupement\/","og_locale":"fr_FR","og_type":"article","og_title":"LE GROUPEMENT (a)-BIANCHI  1995  WIELERSHIRT - Ton Merckx Wielershirts - Rondreis door de wereld van wielershirts","og_description":"Ontzettend mooi wielershirt !!!\u00a0 Behoort tot de top 10 in mijn verzameling. Helaas was de LE GROUPEMENT ploeg niet een heel groot succes. Vanaf het begin waren er twijfels over het bedrijf en de eigenaar van LE GROUPEMENT. Er waren dan ook constant financiele problemen, 4 dagen voor de start van de Tour de France [&hellip;]","og_url":"https:\/\/tonmerckxwielershirts.nl\/it\/retro-wielershirt\/le-groupement\/","og_site_name":"Ton Merckx Wielershirts - Rondreis door de wereld van wielershirts","article_modified_time":"2026-01-28T11:03:18+00:00","og_image":[{"width":1704,"height":2272,"url":"https:\/\/tonmerckxwielershirts.nl\/wp-content\/uploads\/2023\/01\/SSA43513.jpg","type":"image\/jpeg"}],"twitter_card":"summary_large_image","twitter_misc":{"Dur\u00e9e de lecture estim\u00e9e":"1 minute"},"schema":{"@context":"https:\/\/schema.org","@graph":[{"@type":"WebPage","@id":"https:\/\/tonmerckxwielershirts.nl\/it\/retro-wielershirt\/le-groupement\/","url":"https:\/\/tonmerckxwielershirts.nl\/it\/retro-wielershirt\/le-groupement\/","name":"LE GROUPEMENT (a)-BIANCHI 1995 MAILLOT DE CYCLISME - Maillots de cyclisme Ton Merckx - Tour du monde des maillots de cyclisme","isPartOf":{"@id":"https:\/\/ton.connectingminds.net\/pt\/#website"},"primaryImageOfPage":{"@id":"https:\/\/tonmerckxwielershirts.nl\/it\/retro-wielershirt\/le-groupement\/#primaryimage"},"image":{"@id":"https:\/\/tonmerckxwielershirts.nl\/it\/retro-wielershirt\/le-groupement\/#primaryimage"},"thumbnailUrl":"https:\/\/mail.ton-merckx-wielershirts.nl\/wp-content\/uploads\/2023\/01\/SSA43513.jpg","datePublished":"2023-01-24T17:53:28+00:00","dateModified":"2026-01-28T11:03:18+00:00","breadcrumb":{"@id":"https:\/\/tonmerckxwielershirts.nl\/it\/retro-wielershirt\/le-groupement\/#breadcrumb"},"inLanguage":"fr-FR","potentialAction":[{"@type":"ReadAction","target":["https:\/\/tonmerckxwielershirts.nl\/it\/retro-wielershirt\/le-groupement\/"]}]},{"@type":"ImageObject","inLanguage":"fr-FR","@id":"https:\/\/tonmerckxwielershirts.nl\/it\/retro-wielershirt\/le-groupement\/#primaryimage","url":"https:\/\/mail.ton-merckx-wielershirts.nl\/wp-content\/uploads\/2023\/01\/SSA43513.jpg","contentUrl":"https:\/\/mail.ton-merckx-wielershirts.nl\/wp-content\/uploads\/2023\/01\/SSA43513.jpg","width":1704,"height":2272},{"@type":"BreadcrumbList","@id":"https:\/\/tonmerckxwielershirts.nl\/it\/retro-wielershirt\/le-groupement\/#breadcrumb","itemListElement":[{"@type":"ListItem","position":1,"name":"Home","item":"https:\/\/ton.connectingminds.net\/pt\/"},{"@type":"ListItem","position":2,"name":"Retro wielershirts","item":"https:\/\/ton.connectingminds.net\/pt\/camisas-de-ciclismo-retro\/"},{"@type":"ListItem","position":3,"name":"LE GROUPEMENT (a)-BIANCHI 1995 WIELERSHIRT"}]},{"@type":"WebSite","@id":"https:\/\/ton.connectingminds.net\/pt\/#website","url":"https:\/\/ton.connectingminds.net\/pt\/","name":"Chemises de cyclisme Ton Merckx - Tour \u00e0 travers le monde des chemises de cyclisme","description":"des milliers de maillots de cyclisme originaux - commandez votre r\u00e9plique !","publisher":{"@id":"https:\/\/ton.connectingminds.net\/pt\/#organization"},"potentialAction":[{"@type":"SearchAction","target":{"@type":"EntryPoint","urlTemplate":"https:\/\/ton.connectingminds.net\/pt\/?s={search_term_string}"},"query-input":{"@type":"PropertyValueSpecification","valueRequired":true,"valueName":"search_term_string"}}],"inLanguage":"fr-FR"},{"@type":"Organization","@id":"https:\/\/ton.connectingminds.net\/pt\/#organization","name":"Chemises de cyclisme Ton Merckx - Tour \u00e0 travers le monde des chemises de cyclisme","url":"https:\/\/ton.connectingminds.net\/pt\/","logo":{"@type":"ImageObject","inLanguage":"fr-FR","@id":"https:\/\/ton.connectingminds.net\/pt\/#\/schema\/logo\/image\/","url":"https:\/\/mail.ton-merckx-wielershirts.nl\/wp-content\/uploads\/2023\/03\/ton-merckx-logo.jpg","contentUrl":"https:\/\/mail.ton-merckx-wielershirts.nl\/wp-content\/uploads\/2023\/03\/ton-merckx-logo.jpg","width":391,"height":57,"caption":"Ton Merckx Wielershirts - Rondreis door de wereld van wielershirts"},"image":{"@id":"https:\/\/ton.connectingminds.net\/pt\/#\/schema\/logo\/image\/"}}]}},"_links":{"self":[{"href":"https:\/\/mail.ton-merckx-wielershirts.nl\/fr\/wp-json\/wp\/v2\/product\/2730","targetHints":{"allow":["GET"]}}],"collection":[{"href":"https:\/\/mail.ton-merckx-wielershirts.nl\/fr\/wp-json\/wp\/v2\/product"}],"about":[{"href":"https:\/\/mail.ton-merckx-wielershirts.nl\/fr\/wp-json\/wp\/v2\/types\/product"}],"wp:featuredmedia":[{"embeddable":true,"href":"https:\/\/mail.ton-merckx-wielershirts.nl\/fr\/wp-json\/wp\/v2\/media\/2729"}],"wp:attachment":[{"href":"https:\/\/mail.ton-merckx-wielershirts.nl\/fr\/wp-json\/wp\/v2\/media?parent=2730"}],"wp:term":[{"taxonomy":"product_brand","embeddable":true,"href":"https:\/\/mail.ton-merckx-wielershirts.nl\/fr\/wp-json\/wp\/v2\/product_brand?post=2730"},{"taxonomy":"product_cat","embeddable":true,"href":"https:\/\/mail.ton-merckx-wielershirts.nl\/fr\/wp-json\/wp\/v2\/product_cat?post=2730"},{"taxonomy":"product_tag","embeddable":true,"href":"https:\/\/mail.ton-merckx-wielershirts.nl\/fr\/wp-json\/wp\/v2\/product_tag?post=2730"}],"curies":[{"name":"wp","href":"https:\/\/api.w.org\/{rel}","templated":true}]}}

<p>Très belle chemise de cyclisme !!! Un des 10 meilleurs de ma collection.</p>
<p>Malheureusement, l&#039;équipe du GROUPEMENT n&#039;a pas connu un grand succès.</p>
<p>Dès le début, des doutes planaient sur l&#039;entreprise et le propriétaire du GROUPEMENT.</p>
<p>Les problèmes financiers sont constants et 4 jours avant le départ du Tour de France 1995, LE GROUPEMENT se retire ou met fin à l&#039;équipe.</p>
<p>Fin du GROUPEMENT et pour certains coureurs plus âgés aussi la fin de leur carrière cycliste.</p>
<p>Malgré tous les problèmes, les coureurs ont quand même réussi à remporter 9 victoires.</p>

<!-- This site is optimized with the Yoast SEO plugin v27.5 - https://yoast.com/product/yoast-seo-wordpress/ -->
<title>LE GROUPEMENT (a)-BIANCHI  1995  WIELERSHIRT - Ton Merckx Wielershirts - Rondreis door de wereld van wielershirts</title>
<meta name="robots" content="index, follow, max-snippet:-1, max-image-preview:large, max-video-preview:-1" />
<link rel="canonical" href="https://tonmerckxwielershirts.nl/it/retro-wielershirt/le-groupement/" />
<meta property="og:locale" content="fr_FR" />
<meta property="og:type" content="article" />
<meta property="og:title" content="LE GROUPEMENT (a)-BIANCHI  1995  WIELERSHIRT - Ton Merckx Wielershirts - Rondreis door de wereld van wielershirts" />
<meta property="og:description" content="Ontzettend mooi wielershirt !!!  Behoort tot de top 10 in mijn verzameling. Helaas was de LE GROUPEMENT ploeg niet een heel groot succes. Vanaf het begin waren er twijfels over het bedrijf en de eigenaar van LE GROUPEMENT. Er waren dan ook constant financiele problemen, 4 dagen voor de start van de Tour de France [&hellip;]" />
<meta property="og:url" content="https://tonmerckxwielershirts.nl/it/retro-wielershirt/le-groupement/" />
<meta property="og:site_name" content="Ton Merckx Wielershirts - Rondreis door de wereld van wielershirts" />
<meta property="article:modified_time" content="2026-01-28T11:03:18+00:00" />
<meta property="og:image" content="https://tonmerckxwielershirts.nl/wp-content/uploads/2023/01/SSA43513.jpg" />
	<meta property="og:image:width" content="1704" />
	<meta property="og:image:height" content="2272" />
	<meta property="og:image:type" content="image/jpeg" />
<meta name="twitter:card" content="summary_large_image" />
<meta name="twitter:label1" content="Durée de lecture estimée" />
	<meta name="twitter:data1" content="1 minute" />
<script type="application/ld+json" class="yoast-schema-graph">{"@context":"https:\/\/schema.org","@graph":[{"@type":"WebPage","@id":"https:\/\/tonmerckxwielershirts.nl\/it\/retro-wielershirt\/le-groupement\/","url":"https:\/\/tonmerckxwielershirts.nl\/it\/retro-wielershirt\/le-groupement\/","name":"LE GROUPEMENT (a)-BIANCHI 1995 WIELERSHIRT - Ton Merckx Wielershirts - Rondreis door de wereld van wielershirts","isPartOf":{"@id":"https:\/\/ton.connectingminds.net\/pt\/#website"},"primaryImageOfPage":{"@id":"https:\/\/tonmerckxwielershirts.nl\/it\/retro-wielershirt\/le-groupement\/#primaryimage"},"image":{"@id":"https:\/\/tonmerckxwielershirts.nl\/it\/retro-wielershirt\/le-groupement\/#primaryimage"},"thumbnailUrl":"https:\/\/mail.ton-merckx-wielershirts.nl\/wp-content\/uploads\/2023\/01\/SSA43513.jpg","datePublished":"2023-01-24T17:53:28+00:00","dateModified":"2026-01-28T11:03:18+00:00","breadcrumb":{"@id":"https:\/\/tonmerckxwielershirts.nl\/it\/retro-wielershirt\/le-groupement\/#breadcrumb"},"inLanguage":"fr-FR","potentialAction":[{"@type":"ReadAction","target":["https:\/\/tonmerckxwielershirts.nl\/it\/retro-wielershirt\/le-groupement\/"]}]},{"@type":"ImageObject","inLanguage":"fr-FR","@id":"https:\/\/tonmerckxwielershirts.nl\/it\/retro-wielershirt\/le-groupement\/#primaryimage","url":"https:\/\/mail.ton-merckx-wielershirts.nl\/wp-content\/uploads\/2023\/01\/SSA43513.jpg","contentUrl":"https:\/\/mail.ton-merckx-wielershirts.nl\/wp-content\/uploads\/2023\/01\/SSA43513.jpg","width":1704,"height":2272},{"@type":"BreadcrumbList","@id":"https:\/\/tonmerckxwielershirts.nl\/it\/retro-wielershirt\/le-groupement\/#breadcrumb","itemListElement":[{"@type":"ListItem","position":1,"name":"Home","item":"https:\/\/ton.connectingminds.net\/pt\/"},{"@type":"ListItem","position":2,"name":"Retro wielershirts","item":"https:\/\/ton.connectingminds.net\/pt\/camisas-de-ciclismo-retro\/"},{"@type":"ListItem","position":3,"name":"LE GROUPEMENT (a)-BIANCHI 1995 WIELERSHIRT"}]},{"@type":"WebSite","@id":"https:\/\/ton.connectingminds.net\/pt\/#website","url":"https:\/\/ton.connectingminds.net\/pt\/","name":"Ton Merckx Wielershirts - Rondreis door de wereld van wielershirts","description":"thousands of original cycling jerseys - order your replica!","publisher":{"@id":"https:\/\/ton.connectingminds.net\/pt\/#organization"},"potentialAction":[{"@type":"SearchAction","target":{"@type":"EntryPoint","urlTemplate":"https:\/\/ton.connectingminds.net\/pt\/?s={search_term_string}"},"query-input":{"@type":"PropertyValueSpecification","valueRequired":true,"valueName":"search_term_string"}}],"inLanguage":"fr-FR"},{"@type":"Organization","@id":"https:\/\/ton.connectingminds.net\/pt\/#organization","name":"Ton Merckx Wielershirts - Rondreis door de wereld van wielershirts","url":"https:\/\/ton.connectingminds.net\/pt\/","logo":{"@type":"ImageObject","inLanguage":"fr-FR","@id":"https:\/\/ton.connectingminds.net\/pt\/#\/schema\/logo\/image\/","url":"https:\/\/mail.ton-merckx-wielershirts.nl\/wp-content\/uploads\/2023\/03\/ton-merckx-logo.jpg","contentUrl":"https:\/\/mail.ton-merckx-wielershirts.nl\/wp-content\/uploads\/2023\/03\/ton-merckx-logo.jpg","width":391,"height":57,"caption":"Ton Merckx Wielershirts - Rondreis door de wereld van wielershirts"},"image":{"@id":"https:\/\/ton.connectingminds.net\/pt\/#\/schema\/logo\/image\/"}}]}</script>
<!-- / Yoast SEO plugin. -->

Chemises de cyclisme Ton Merckx - Tour à travers le monde des chemises de cyclisme

des milliers de maillots de cyclisme originaux - commandez votre réplique !
